{"id":434,"date":"2023-06-19T15:00:13","date_gmt":"2023-06-19T13:00:13","guid":{"rendered":"https:\/\/hotel.olfp.fr\/?page_id=434"},"modified":"2023-09-21T15:46:12","modified_gmt":"2023-09-21T13:46:12","slug":"nos-suites","status":"publish","type":"page","link":"https:\/\/hotel.olfp.fr\/?page_id=434","title":{"rendered":"Nos suites"},"content":{"rendered":"\n<figure class=\"wp-block-image alignfull size-large\"><img loading=\"lazy\" decoding=\"async\" width=\"1024\" height=\"107\" src=\"https:\/\/hotel.olfp.fr\/wp-content\/uploads\/2023\/05\/banniere-hotel-olfp-resize3-1024x107.jpg\" alt=\"\" class=\"wp-image-176\" srcset=\"https:\/\/hotel.olfp.fr\/wp-content\/uploads\/2023\/05\/banniere-hotel-olfp-resize3-1024x107.jpg 1024w, https:\/\/hotel.olfp.fr\/wp-content\/uploads\/2023\/05\/banniere-hotel-olfp-resize3-300x31.jpg 300w, https:\/\/hotel.olfp.fr\/wp-content\/uploads\/2023\/05\/banniere-hotel-olfp-resize3-768x80.jpg 768w, https:\/\/hotel.olfp.fr\/wp-content\/uploads\/2023\/05\/banniere-hotel-olfp-resize3.jpg 1475w\" sizes=\"auto, (max-width: 1024px) 100vw, 1024px\" \/><\/figure>\n\n\n\n<figure class=\"wp-block-image alignfull size-full\"><img loading=\"lazy\" decoding=\"async\" width=\"1000\" height=\"25\" src=\"https:\/\/hotel.olfp.fr\/wp-content\/uploads\/2023\/09\/bande-noire-1000x25-1.jpg\" alt=\"\" class=\"wp-image-469\" srcset=\"https:\/\/hotel.olfp.fr\/wp-content\/uploads\/2023\/09\/bande-noire-1000x25-1.jpg 1000w, https:\/\/hotel.olfp.fr\/wp-content\/uploads\/2023\/09\/bande-noire-1000x25-1-300x8.jpg 300w, https:\/\/hotel.olfp.fr\/wp-content\/uploads\/2023\/09\/bande-noire-1000x25-1-768x19.jpg 768w\" sizes=\"auto, (max-width: 1000px) 100vw, 1000px\" \/><\/figure>\n\n\n\n<h1 class=\"wp-block-heading has-text-align-center\">Nos suites<\/h1>\n\n\n\n<figure class=\"wp-block-image alignwide size-full\"><img loading=\"lazy\" decoding=\"async\" width=\"800\" height=\"600\" src=\"https:\/\/hotel.olfp.fr\/wp-content\/uploads\/2023\/06\/suite.jpg\" alt=\"\" class=\"wp-image-415\" srcset=\"https:\/\/hotel.olfp.fr\/wp-content\/uploads\/2023\/06\/suite.jpg 800w, https:\/\/hotel.olfp.fr\/wp-content\/uploads\/2023\/06\/suite-300x225.jpg 300w, https:\/\/hotel.olfp.fr\/wp-content\/uploads\/2023\/06\/suite-768x576.jpg 768w\" sizes=\"auto, (max-width: 800px) 100vw, 800px\" \/><\/figure>\n\n\n\n<br>\n\n\n\n<p>Notre h\u00f4tel 3 \u00e9toiles est fier de proposer \u00e0 ses clients quatre suites exceptionnelles pour une exp\u00e9rience de s\u00e9jour luxueuse et m\u00e9morable. Chaque suite a \u00e9t\u00e9 con\u00e7ue avec soin pour offrir un confort maximal et une atmosph\u00e8re \u00e9l\u00e9gante. Les suites sont \u00e9quip\u00e9es d\u2019un jacuzzi priv\u00e9, vous permettant de vous d\u00e9tendre et de vous ressourcer dans un cadre intime.<\/p>\n\n\n\n<p>La suite Royale est un v\u00e9ritable bijou de sophistication. Avec ses vastes espaces et son design raffin\u00e9, elle offre un cadre id\u00e9al pour les voyageurs exigeants. Cette suite spacieuse comprend un salon somptueux, une chambre \u00e0 coucher confortable avec un grand lit, une salle de bains priv\u00e9e avec baignoire \u00e0 jets et une vue panoramique sur les bois environnants. Les clients de la Suite Royale b\u00e9n\u00e9ficient \u00e9galement d&rsquo;un service de majordome personnalis\u00e9 pour r\u00e9pondre \u00e0 tous leurs besoins.<\/p>\n\n\n\n<p>La Suite Pr\u00e9sidentielle incarne le summum du luxe et de l&rsquo;\u00e9l\u00e9gance. Elle est dot\u00e9e d&rsquo;un salon s\u00e9par\u00e9, d&rsquo;une salle \u00e0 manger priv\u00e9e et d&rsquo;une cuisine enti\u00e8rement \u00e9quip\u00e9e, offrant ainsi un espace id\u00e9al pour les s\u00e9jours prolong\u00e9s ou les r\u00e9ceptions intimes. La chambre principale comprend un lit king-size et une salle de bains en marbre avec douche \u00e0 effet pluie. Les clients de la Suite Pr\u00e9sidentielle b\u00e9n\u00e9ficient \u00e9galement d&rsquo;un acc\u00e8s exclusif au salon ex\u00e9cutif de l&rsquo;h\u00f4tel.<\/p>\n\n\n\n<p>La Suite Junior est un choix id\u00e9al pour les voyageurs d&rsquo;affaires ou les couples en qu\u00eate de confort et de style. Elle comprend un espace de s\u00e9jour s\u00e9par\u00e9, une chambre avec un lit king-size et une salle de bains moderne avec douche \u00e0 l&rsquo;italienne. Les clients de la Suite Junior b\u00e9n\u00e9ficient \u00e9galement d&rsquo;un acc\u00e8s gratuit au centre de remise en forme de l&rsquo;h\u00f4tel.<\/p>\n\n\n\n<p>La Suite Familiale est parfaite pour les familles en voyage. Elle comprend deux chambres s\u00e9par\u00e9es, une avec un lit king-size et l&rsquo;autre avec des lits jumeaux, offrant ainsi un espace confortable pour tous les membres de la famille. Les enfants appr\u00e9cieront particuli\u00e8rement leur propre t\u00e9l\u00e9vision et un choix de jeux vid\u00e9o dans la suite. Une salle de bains priv\u00e9e avec baignoire et douche est \u00e9galement disponible.<\/p>\n\n\n\n<p>Quelles que soient vos pr\u00e9f\u00e9rences, nos suites sont con\u00e7ues pour r\u00e9pondre \u00e0 vos besoins et vous offrir un s\u00e9jour inoubliable dans notre h\u00f4tel 3 \u00e9toiles.<\/p>\n","protected":false},"excerpt":{"rendered":"<p>Nos suites Notre h\u00f4tel 3 \u00e9toiles est fier de proposer \u00e0 ses clients quatre suites exceptionnelles pour une exp\u00e9rience de s\u00e9jour luxueuse et m\u00e9morable. Chaque suite a \u00e9t\u00e9 con\u00e7ue avec soin pour offrir un confort maximal et une atmosph\u00e8re \u00e9l\u00e9gante. Les suites sont \u00e9quip\u00e9es d\u2019un jacuzzi priv\u00e9, vous permettant de vous d\u00e9tendre et de vous &hellip;<\/p>\n<p class=\"read-more\"> <a class=\"\" href=\"https:\/\/hotel.olfp.fr\/?page_id=434\"> <span class=\"screen-reader-text\">Nos suites<\/span> Lire la suite\u00a0\u00bb<\/a><\/p>\n","protected":false},"author":2,"featured_media":0,"parent":413,"menu_order":0,"comment_status":"closed","ping_status":"closed","template":"","meta":{"site-sidebar-layout":"default","site-content-layout":"default","ast-global-header-display":"","ast-main-header-display":"","ast-hfb-above-header-display":"","ast-hfb-below-header-display":"","ast-hfb-mobile-header-display":"","site-post-title":"disabled","ast-breadcrumbs-content":"","ast-featured-img":"","footer-sml-layout":"","theme-transparent-header-meta":"","adv-header-id-meta":"","stick-header-meta":"","header-above-stick-meta":"","header-main-stick-meta":"","header-below-stick-meta":"","footnotes":""},"class_list":["post-434","page","type-page","status-publish","hentry"],"_links":{"self":[{"href":"https:\/\/hotel.olfp.fr\/index.php?rest_route=\/wp\/v2\/pages\/434","targetHints":{"allow":["GET"]}}],"collection":[{"href":"https:\/\/hotel.olfp.fr\/index.php?rest_route=\/wp\/v2\/pages"}],"about":[{"href":"https:\/\/hotel.olfp.fr\/index.php?rest_route=\/wp\/v2\/types\/page"}],"author":[{"embeddable":true,"href":"https:\/\/hotel.olfp.fr\/index.php?rest_route=\/wp\/v2\/users\/2"}],"replies":[{"embeddable":true,"href":"https:\/\/hotel.olfp.fr\/index.php?rest_route=%2Fwp%2Fv2%2Fcomments&post=434"}],"version-history":[{"count":3,"href":"https:\/\/hotel.olfp.fr\/index.php?rest_route=\/wp\/v2\/pages\/434\/revisions"}],"predecessor-version":[{"id":565,"href":"https:\/\/hotel.olfp.fr\/index.php?rest_route=\/wp\/v2\/pages\/434\/revisions\/565"}],"up":[{"embeddable":true,"href":"https:\/\/hotel.olfp.fr\/index.php?rest_route=\/wp\/v2\/pages\/413"}],"wp:attachment":[{"href":"https:\/\/hotel.olfp.fr\/index.php?rest_route=%2Fwp%2Fv2%2Fmedia&parent=434"}],"curies":[{"name":"wp","href":"https:\/\/api.w.org\/{rel}","templated":true}]}}