{"id":443,"date":"2023-06-19T16:09:14","date_gmt":"2023-06-19T14:09:14","guid":{"rendered":"https:\/\/hotel.olfp.fr\/?page_id=443"},"modified":"2023-09-21T15:49:23","modified_gmt":"2023-09-21T13:49:23","slug":"programme-de-fidelite","status":"publish","type":"page","link":"https:\/\/hotel.olfp.fr\/?page_id=443","title":{"rendered":"Programme de fid\u00e9lit\u00e9"},"content":{"rendered":"\n<figure class=\"wp-block-image alignfull size-large\"><img loading=\"lazy\" decoding=\"async\" width=\"1024\" height=\"107\" src=\"https:\/\/hotel.olfp.fr\/wp-content\/uploads\/2023\/05\/banniere-hotel-olfp-resize3-1024x107.jpg\" alt=\"\" class=\"wp-image-176\" srcset=\"https:\/\/hotel.olfp.fr\/wp-content\/uploads\/2023\/05\/banniere-hotel-olfp-resize3-1024x107.jpg 1024w, https:\/\/hotel.olfp.fr\/wp-content\/uploads\/2023\/05\/banniere-hotel-olfp-resize3-300x31.jpg 300w, https:\/\/hotel.olfp.fr\/wp-content\/uploads\/2023\/05\/banniere-hotel-olfp-resize3-768x80.jpg 768w, https:\/\/hotel.olfp.fr\/wp-content\/uploads\/2023\/05\/banniere-hotel-olfp-resize3.jpg 1475w\" sizes=\"auto, (max-width: 1024px) 100vw, 1024px\" \/><\/figure>\n\n\n\n<figure class=\"wp-block-image alignfull size-full\"><img loading=\"lazy\" decoding=\"async\" width=\"1000\" height=\"25\" src=\"https:\/\/hotel.olfp.fr\/wp-content\/uploads\/2023\/09\/bande-noire-1000x25-1.jpg\" alt=\"\" class=\"wp-image-469\" srcset=\"https:\/\/hotel.olfp.fr\/wp-content\/uploads\/2023\/09\/bande-noire-1000x25-1.jpg 1000w, https:\/\/hotel.olfp.fr\/wp-content\/uploads\/2023\/09\/bande-noire-1000x25-1-300x8.jpg 300w, https:\/\/hotel.olfp.fr\/wp-content\/uploads\/2023\/09\/bande-noire-1000x25-1-768x19.jpg 768w\" sizes=\"auto, (max-width: 1000px) 100vw, 1000px\" \/><\/figure>\n\n\n\n<h1 class=\"wp-block-heading has-text-align-center\">Notre programme de fid\u00e9lit\u00e9<\/h1>\n\n\n\n<figure class=\"wp-block-image aligncenter size-full is-resized\"><img decoding=\"async\" src=\"https:\/\/hotel.olfp.fr\/wp-content\/uploads\/2023\/06\/programme-fidelite.jpg\" alt=\"\" class=\"wp-image-444\" style=\"aspect-ratio:4\/3;object-fit:cover;width:700px\" width=\"700\" srcset=\"https:\/\/hotel.olfp.fr\/wp-content\/uploads\/2023\/06\/programme-fidelite.jpg 800w, https:\/\/hotel.olfp.fr\/wp-content\/uploads\/2023\/06\/programme-fidelite-300x225.jpg 300w, https:\/\/hotel.olfp.fr\/wp-content\/uploads\/2023\/06\/programme-fidelite-768x576.jpg 768w\" sizes=\"(max-width: 800px) 100vw, 800px\" \/><\/figure>\n\n\n\n<p>Notre programme de fid\u00e9lit\u00e9 pr\u00e9sente de nombreux autres avantages qui vous sont offerts. En tant que membres, vous pouvez profiter de tarifs sp\u00e9ciaux sur les chambres, les repas et les services. De plus, vous avez la possibilit\u00e9 d&rsquo;accumuler des points \u00e0 chaque s\u00e9jour, que vous pourrez \u00e9changer contre des nuits gratuites, des surclassements ou des extras personnalis\u00e9s. Vous b\u00e9n\u00e9ficierez \u00e9galement d&rsquo;avantages exclusifs aupr\u00e8s de nos partenaires.<\/p>\n\n\n\n<p>Chez nous, nous r\u00e9compensons la fid\u00e9lit\u00e9 et nous mettons tout en \u0153uvre pour offrir \u00e0 nos clients des exp\u00e9riences uniques et m\u00e9morables. Rejoignez notre programme de fid\u00e9lit\u00e9 d\u00e8s maintenant et profitez pleinement de tout ce que notre h\u00f4tel 3 \u00e9toiles et nos partenaires ont \u00e0 vous offrir. Nous sommes impatients de vous accueillir et de vous offrir un s\u00e9jour inoubliable.<\/p>\n","protected":false},"excerpt":{"rendered":"<p>Notre programme de fid\u00e9lit\u00e9 Notre programme de fid\u00e9lit\u00e9 pr\u00e9sente de nombreux autres avantages qui vous sont offerts. En tant que membres, vous pouvez profiter de tarifs sp\u00e9ciaux sur les chambres, les repas et les services. De plus, vous avez la possibilit\u00e9 d&rsquo;accumuler des points \u00e0 chaque s\u00e9jour, que vous pourrez \u00e9changer contre des nuits gratuites, &hellip;<\/p>\n<p class=\"read-more\"> <a class=\"\" href=\"https:\/\/hotel.olfp.fr\/?page_id=443\"> <span class=\"screen-reader-text\">Programme de fid\u00e9lit\u00e9<\/span> Lire la suite\u00a0\u00bb<\/a><\/p>\n","protected":false},"author":2,"featured_media":0,"parent":0,"menu_order":0,"comment_status":"closed","ping_status":"closed","template":"","meta":{"site-sidebar-layout":"default","site-content-layout":"default","ast-global-header-display":"","ast-main-header-display":"","ast-hfb-above-header-display":"","ast-hfb-below-header-display":"","ast-hfb-mobile-header-display":"","site-post-title":"disabled","ast-breadcrumbs-content":"","ast-featured-img":"","footer-sml-layout":"","theme-transparent-header-meta":"","adv-header-id-meta":"","stick-header-meta":"","header-above-stick-meta":"","header-main-stick-meta":"","header-below-stick-meta":"","footnotes":""},"class_list":["post-443","page","type-page","status-publish","hentry"],"_links":{"self":[{"href":"https:\/\/hotel.olfp.fr\/index.php?rest_route=\/wp\/v2\/pages\/443","targetHints":{"allow":["GET"]}}],"collection":[{"href":"https:\/\/hotel.olfp.fr\/index.php?rest_route=\/wp\/v2\/pages"}],"about":[{"href":"https:\/\/hotel.olfp.fr\/index.php?rest_route=\/wp\/v2\/types\/page"}],"author":[{"embeddable":true,"href":"https:\/\/hotel.olfp.fr\/index.php?rest_route=\/wp\/v2\/users\/2"}],"replies":[{"embeddable":true,"href":"https:\/\/hotel.olfp.fr\/index.php?rest_route=%2Fwp%2Fv2%2Fcomments&post=443"}],"version-history":[{"count":7,"href":"https:\/\/hotel.olfp.fr\/index.php?rest_route=\/wp\/v2\/pages\/443\/revisions"}],"predecessor-version":[{"id":571,"href":"https:\/\/hotel.olfp.fr\/index.php?rest_route=\/wp\/v2\/pages\/443\/revisions\/571"}],"wp:attachment":[{"href":"https:\/\/hotel.olfp.fr\/index.php?rest_route=%2Fwp%2Fv2%2Fmedia&parent=443"}],"curies":[{"name":"wp","href":"https:\/\/api.w.org\/{rel}","templated":true}]}}